{"id":2048,"date":"2024-11-12T18:08:13","date_gmt":"2024-11-12T17:08:13","guid":{"rendered":"https:\/\/www.selchow.net\/wordpress\/?page_id=2048"},"modified":"2026-03-04T20:25:38","modified_gmt":"2026-03-04T19:25:38","slug":"passwortanfrage","status":"publish","type":"page","link":"https:\/\/www.selchow.net\/wordpress\/passwortanfrage\/","title":{"rendered":"Passwortanfrage"},"content":{"rendered":"\n<p>Um auf einen gesch\u00fctzten Beitrag zuzugreifen, f\u00fcr den ein Passwort ben\u00f6tigt wird, k\u00f6nnen Sie folgenderma\u00dfen vorgehen:<\/p>\n\n\n\n<ol class=\"wp-block-list\">\n<li><strong>Verstehen, was ein gesch\u00fctzter Beitrag ist<\/strong>: Ein gesch\u00fctzter Beitrag ist in der Regel ein Artikel oder eine Seite, deren Inhalte nur f\u00fcr bestimmte Personen oder Gruppen zug\u00e4nglich sind. Der Autor oder die Plattform hat eine Passwortsperre eingerichtet, um den Zugang zu beschr\u00e4nken. Dies wird oft verwendet, um private, sensible oder exklusive Informationen zu sch\u00fctzen.<\/li>\n\n\n\n<li><strong>Das Passwort anfragen<\/strong>:\n<ul class=\"wp-block-list\">\n<li><strong>Kontaktaufnahme mit dem Autor oder Betreiber<\/strong>: Normalerweise finden Sie auf der Seite, die den gesch\u00fctzten Beitrag enth\u00e4lt, Kontaktinformationen. Dort k\u00f6nnen Sie den Betreiber oder Autor kontaktieren und Ihr Interesse an dem Beitrag erl\u00e4utern.<\/li>\n\n\n\n<li><strong>Angaben zum Zweck Ihres Zugriffs<\/strong>: Oft kann es sinnvoll sein, kurz zu beschreiben, warum Sie auf den Beitrag zugreifen m\u00f6chten. Dies k\u00f6nnte helfen, Ihre Anfrage schneller zu bearbeiten und das Passwort zu erhalten.<\/li>\n\n\n\n<li><strong>Nutzungsbedingungen beachten<\/strong>: Bei der Anfrage kann es erforderlich sein, den Nutzungsbedingungen oder Richtlinien der Seite zuzustimmen.<\/li>\n<\/ul>\n<\/li>\n\n\n\n<li><strong>Das Passwort sicher aufbewahren<\/strong>:\n<ul class=\"wp-block-list\">\n<li>Sobald Ihnen das Passwort \u00fcbermittelt wurde, bewahren Sie es sicher auf. Sie k\u00f6nnen es beispielsweise in einem sicheren Passwort-Manager speichern.<\/li>\n\n\n\n<li>Teilen Sie das Passwort nicht mit unbefugten Personen weiter, um die Privatsph\u00e4re und die Schutzmechanismen der Seite zu respektieren.<\/li>\n<\/ul>\n<\/li>\n\n\n\n<li><strong>Passwort eingeben und Zugang erhalten<\/strong>:\n<ul class=\"wp-block-list\">\n<li>Gehen Sie zur Seite mit dem gesch\u00fctzten Beitrag und suchen Sie nach dem Eingabefeld f\u00fcr das Passwort. Geben Sie dort das Passwort ein, das Ihnen zugesendet wurde.<\/li>\n\n\n\n<li>Sobald Sie das Passwort korrekt eingegeben haben, sollten Sie Zugriff auf den gesch\u00fctzten Inhalt erhalten.<\/li>\n<\/ul>\n<\/li>\n\n\n\n<li><strong>Probleme beim Zugriff l\u00f6sen<\/strong>:\n<ul class=\"wp-block-list\">\n<li><strong>Passwort funktioniert nicht<\/strong>: Wenn das Passwort als ung\u00fcltig angezeigt wird, stellen Sie sicher, dass Sie es korrekt eingegeben haben. Pr\u00fcfen Sie, ob die Gro\u00df- und Kleinschreibung korrekt ist.<\/li>\n\n\n\n<li><strong>Kontakt bei technischen Problemen<\/strong>: Wenn der Zugang trotz richtiger Eingabe weiterhin nicht funktioniert, wenden Sie sich erneut an den Betreiber und schildern Sie das Problem. Es k\u00f6nnte technische Schwierigkeiten oder eine \u00c4nderung des Passworts gegeben haben.<\/li>\n<\/ul>\n<\/li>\n\n\n\n<li><strong>Regelm\u00e4\u00dfig pr\u00fcfen<\/strong>:\n<ul class=\"wp-block-list\">\n<li>Bei einigen gesch\u00fctzten Inhalten kann das Passwort gelegentlich ge\u00e4ndert werden, um die Sicherheit zu erh\u00f6hen. Falls Sie wiederholt auf den Beitrag zugreifen m\u00f6chten, pr\u00fcfen Sie in regelm\u00e4\u00dfigen Abst\u00e4nden, ob Sie das Passwort weiterhin verwenden k\u00f6nnen, oder fragen Sie bei Bedarf ein neues Passwort an.<\/li>\n<\/ul>\n<\/li>\n\n\n\n<li><strong>Wenn Sie bis hier alles gelesen haben, k\u00f6nnen sie f\u00fcr den Beitrag<\/strong> Bei einer \u00fcbersetzten Ansicht, nutzen Sie bitte das deutsche Passwort (deutsche Schrift bzw. deutsche W\u00f6rter)\n<ul class=\"wp-block-list\">\n<li>2026 NL Eurobr\u00fccken &#8211; viadukt<\/li>\n\n\n\n<li>2026 Sauerland &#8211; empor<\/li>\n\n\n\n<li>2025 Schweden &#8211; plsedk<\/li>\n\n\n\n<li>2025 Albanien &#8211; albtia<\/li>\n\n\n\n<li>2025 Bielefeld &#8211; noexist<\/li>\n\n\n\n<li>2025 Rom und S\u00fcditalien &#8211; itfco<\/li>\n\n\n\n<li>2025 Liberec CZ &#8211; osumdesat<\/li>\n\n\n\n<li>2025 Notaufnahmelager Marienfelde &#8211; Flucht<\/li>\n\n\n\n<li>2025 Herzebrock-Clarholz &#8211; beton<\/li>\n\n\n\n<li>2025 Wilhelmshaven &#8211; flut<\/li>\n\n\n\n<li>2025 Hamm &#8211; maxipark<\/li>\n\n\n\n<li>2024 Island &#8211; iskef<\/li>\n\n\n\n<li>2024 Weihnachten &#8211; Palais<\/li>\n\n\n\n<li>2024 Herbstferien &#8211; banknoten<\/li>\n\n\n\n<li>2024 BarleNassau Barle Hertog &#8211; 2city<\/li>\n\n\n\n<li>2024 Winschoten Blauwestadt &#8211; scooterverbot<\/li>\n\n\n\n<li>2024 Giethoorn Beilen II &#8211; coin<\/li>\n\n\n\n<li>2024 Osterferien &#8211; grenze1<\/li>\n\n\n\n<li>2023 US Roadtrip 1 &#8211; usny<\/li>\n\n\n\n<li>2024 US Roadtrip 2 &#8211; uslax<\/li>\n\n\n\n<li>2024 Liberec CZ &#8211; padesat<\/li>\n\n\n\n<li>2023 Beilen Giethorn &#8211; oude<\/li>\n\n\n\n<li>2023 Korfu &#8211; cfu<\/li>\n\n\n\n<li>2023 Hamburg &#8211; aqhh<\/li>\n\n\n\n<li>2023 Harz Thale &#8211; hexx<\/li>\n\n\n\n<li>2023 Bad Zwischenahn &#8211; bzfe<\/li>\n\n\n\n<li>2023 Cuxhaven &#8211; cux1<\/li>\n\n\n\n<li>&#8230;<\/li>\n<\/ul>\n<\/li>\n<\/ol>\n\n\n\n<p>nutzen. Viel Spa\u00df!<\/p>\n\n\n<div class='bootstrap-yop yop-poll-mc'>\n\t\t\t\t\t\t\t<div class=\"basic-yop-poll-container\" style=\"background-color:#ffffff; border:2px; border-style:solid; border-color:#ffffff; border-radius:0px; padding:10px 10px;\" data-id=\"1\" data-temp=\"basic\" data-skin=\"minimal\" data-cscheme=\"black\" data-cap=\"0\" data-access=\"guest\" data-tid=\"\" data-uid=\"2f4d349d5defe3fd6d1ad7310b85d68c\" data-pid=\"2048\" data-resdet=\"percentages\" data-show-results-to=\"guest\" data-show-results-moment=\"after-vote\" data-show-results-only=\"false\" data-show-message=\"true\" data-show-results-as=\"bar\" data-sort-results-by=\"as-defined\" data-sort-results-rule=\"asc\"data-is-ended=\"0\" data-gdpr=\"no\" data-gdpr-sol=\"consent\" data-css=\".basic-yop-poll-container[data-uid] .basic-vote { text-align: center; }\" data-counter=\"0\" data-load-with=\"1\" data-notification-section=\"top\"><div class=\"row\"><div class=\"col-md-12\"><div class=\"basic-inner\"><div class=\"basic-message hide\" style=\"border-left: 10px solid #008000; padding: 0px 10px;\" data-error=\"#ff0000\" data-success=\"#008000\"><p class=\"basic-message-text\" style=\"color:#000000; font-size:14px; font-weight:normal;\"><\/p><\/div><div class=\"basic-overlay hide\"><div class=\"basic-vote-options\"><\/div><div class=\"basic-preloader\"><div class=\"basic-windows8\"><div class=\"basic-wBall basic-wBall_1\"><div class=\"basic-wInnerBall\"><\/div><\/div><div class=\"basic-wBall basic-wBall_2\"><div class=\"basic-wInnerBall\"><\/div><\/div><div class=\"basic-wBall basic-wBall_3\"><div class=\"basic-wInnerBall\"><\/div><\/div><div class=\"basic-wBall basic-wBall_4\"><div class=\"basic-wInnerBall\"><\/div><\/div><div class=\"basic-wBall basic-wBall_5\"><div class=\"basic-wInnerBall\"><\/div><\/div><\/div><\/div><\/div><form class=\"basic-form\"><input type=\"hidden\" name=\"_token\" value=\"bdb879697c\" autocomplete=\"off\"><div class=\"basic-elements\"><div class=\"basic-element basic-question basic-question-text-horizontal\" data-id=\"1\" data-uid=\"3fd4260d818f60ca9782dd6a2bf2d529\" data-type=\"question\" data-question-type=\"text\" data-allow-multiple=\"no\" data-min=\"1\" data-max=\"1\" data-display=\"horizontal\" data-colnum=\"\" data-display-others=\"no\" data-others-color=\"\" data-others=\"\"><div role=\"heading\" aria-level=\"5\" class=\"basic-question-title\" style=\"color:#000000; font-size:20px; font-weight:normal; text-align:center;\">Wie hast du diese Seite gefunden?<\/div><ul class=\"basic-answers basic-h-answers\"><li class=\"basic-answer col-xs-6 col-sm-6 col-md-3\" style=\"padding:0px 0px;\" data-id=\"1\" data-type=\"text\" data-vn=\"0\" data-color=\"#000000\" data-make-link=\"no\" data-link=\"\"><div class=\"basic-answer-content basic-text-horizontal\"><label for=\"answer[1]\" class=\"basic-answer-label\"><input type=\"radio\" id=\"answer[1]\" name=\"answer[1]\" value=\"1\" autocomplete=\"off\"><span class=\"basic-text\" style=\"color: #000000; font-size: 14px; font-weight: normal;\" tabindex=\"0\">Suchmaschine (Google uns so)<\/span><\/label><\/div><\/li><li class=\"basic-answer col-xs-6 col-sm-6 col-md-3\" style=\"padding:0px 0px;\" data-id=\"2\" data-type=\"text\" data-vn=\"0\" data-color=\"#000000\" data-make-link=\"no\" data-link=\"\"><div class=\"basic-answer-content basic-text-horizontal\"><label for=\"answer[2]\" class=\"basic-answer-label\"><input type=\"radio\" id=\"answer[2]\" name=\"answer[1]\" value=\"2\" autocomplete=\"off\"><span class=\"basic-text\" style=\"color: #000000; font-size: 14px; font-weight: normal;\" tabindex=\"0\">Aufmerksames Lesen<\/span><\/label><\/div><\/li><li class=\"basic-answer col-xs-6 col-sm-6 col-md-3\" style=\"padding:0px 0px;\" data-id=\"3\" data-type=\"text\" data-vn=\"0\" data-color=\"#000000\" data-make-link=\"no\" data-link=\"\"><div class=\"basic-answer-content basic-text-horizontal\"><label for=\"answer[3]\" class=\"basic-answer-label\"><input type=\"radio\" id=\"answer[3]\" name=\"answer[1]\" value=\"3\" autocomplete=\"off\"><span class=\"basic-text\" style=\"color: #000000; font-size: 14px; font-weight: normal;\" tabindex=\"0\">durch Zufall, beim durcchklicken<\/span><\/label><\/div><\/li><li class=\"basic-answer col-xs-6 col-sm-6 col-md-3\" style=\"padding:0px 0px;\" data-id=\"7\" data-type=\"text\" data-vn=\"0\" data-color=\"#000000\" data-make-link=\"no\" data-link=\"\"><div class=\"basic-answer-content basic-text-horizontal\"><label for=\"answer[7]\" class=\"basic-answer-label\"><input type=\"radio\" id=\"answer[7]\" name=\"answer[1]\" value=\"7\" autocomplete=\"off\"><span class=\"basic-text\" style=\"color: #000000; font-size: 14px; font-weight: normal;\" tabindex=\"0\">was Anderes<\/span><\/label><\/div><\/li><\/ul><\/div><div class=\"clearfix\"><\/div><\/div><div class=\"basic-vote\"><a href=\"#\" class=\"button basic-vote-button\" role=\"button\" style=\"background:#f5b6ba; border:1px; border-style: solid; border-color:#000000; border-radius:0px; padding:5px 10px; color:#000000; font-size:14px; font-weight:normal;\">Vote<\/a><\/div><\/form><\/div><\/div><\/div><\/div>\n\t\t\t\t\t\t<\/div>\n","protected":false},"excerpt":{"rendered":"<p>Um auf einen gesch\u00fctzten Beitrag zuzugreifen, f\u00fcr den ein Passwort ben\u00f6tigt wird, k\u00f6nnen Sie folgenderma\u00dfen vorgehen: nutzen. Viel Spa\u00df!<\/p>\n","protected":false},"author":1,"featured_media":0,"parent":0,"menu_order":0,"comment_status":"closed","ping_status":"closed","template":"","meta":{"footnotes":""},"class_list":["post-2048","page","type-page","status-publish","hentry"],"_links":{"self":[{"href":"https:\/\/www.selchow.net\/wordpress\/wp-json\/wp\/v2\/pages\/2048","targetHints":{"allow":["GET"]}}],"collection":[{"href":"https:\/\/www.selchow.net\/wordpress\/wp-json\/wp\/v2\/pages"}],"about":[{"href":"https:\/\/www.selchow.net\/wordpress\/wp-json\/wp\/v2\/types\/page"}],"author":[{"embeddable":true,"href":"https:\/\/www.selchow.net\/wordpress\/wp-json\/wp\/v2\/users\/1"}],"replies":[{"embeddable":true,"href":"https:\/\/www.selchow.net\/wordpress\/wp-json\/wp\/v2\/comments?post=2048"}],"version-history":[{"count":25,"href":"https:\/\/www.selchow.net\/wordpress\/wp-json\/wp\/v2\/pages\/2048\/revisions"}],"predecessor-version":[{"id":4039,"href":"https:\/\/www.selchow.net\/wordpress\/wp-json\/wp\/v2\/pages\/2048\/revisions\/4039"}],"wp:attachment":[{"href":"https:\/\/www.selchow.net\/wordpress\/wp-json\/wp\/v2\/media?parent=2048"}],"curies":[{"name":"wp","href":"https:\/\/api.w.org\/{rel}","templated":true}]}}